) = 12*f**2 + 880*f - 37. Is s(60) a prime number?
False
Let s be 329/14 - 6/4. Suppose s*l - 23*l + 1 = 0. Is (4/(-1 - l))/(6/(-633)) a composite number?
False
Suppose -9*s - 13706 = -1745. Let j = -787 - s. Suppose 0*v + j = 2*v. Is v a composite number?
False
Suppose 11*h - 4*h = 14. Suppose -g = -h*g + 25. Let k = -4 + g. Is k prime?
False
Suppose 0 = -58*j + 40082921 + 125789597. Is j a prime number?
False
Suppose -132 = -4*a - 12. Suppose 0*t + a = 3*h - 3*t, h - 2*t - 15 = 0. Is (h/2 + -2)*(506 + -4) prime?
True
Suppose 3*q + 0*q + 25 = -5*n, -4*n = 3*q + 20. Is 6548*1 + (q/(-6) - 1) composite?
False
Let u = -13077 + 26638. Is u a prime number?
False
Let s = 572329 + -258048. Is s a composite number?
True
Let z(a) = -525*a + 127. Let u = -348 - -340. Is z(u) a prime number?
True
Suppose 15517875 = 88*n - 54*n + 41*n. Is n composite?
True
Let f = -337 + 343. Suppose 2*d + 10528 = f*d + 4*q, -5*d - q = -13156. Is d a prime number?
False
Suppose -3*m = 2*m - 315. Let x = m + -66. Is 3/x - (-151 - -1) a prime number?
True
Suppose -18 = -5*i + 7. Suppose -3 + 11 = 5*x + 4*l, -l = i*x - 2. Suppose x = -3*g + 6*g - 63. Is g a composite number?
True
Let o(f) = 9*f**2 - 20*f + 64. Let d = 231 - 248. Is o(d) prime?
False
Let g(w) = 8*w + 2. Let c be g(0). Suppose -2 = -f, -4*p - c*f + 42982 = -5*f. Is p prime?
False
Let b(o) = -3*o + 6. Let g be b(2). Suppose g*t - 5*t = 0. Suppose 2*q - 2 = t, -5*n + q + 4222 = -2562. Is n a prime number?
False
Suppose -4*x + 4*j = -616, -2*x + 5*j - 315 = -4*x. Let l(o) = 3*o**2. Let h be l(-2). Let s = x - h. Is s a composite number?
True
Let z be (-8733)/(-3) + (3 - 7). Suppose -3*s + 7*s = 5*x - z, 585 = x + s. Is x a prime number?
False
Is (-9 - (0 + -2)) + 3975294/(12/4) a composite number?
True
Let x = 712093 - 496254. Is x composite?
True
Suppose -8 = 4*w, 0*k - 2 = k + 4*w. Suppose k*b - 14088 = 2622. Is b a prime number?
False
Is 2*2/(-62) + (-1309529550)/(-1302) composite?
True
Suppose -95*h - 4*x = -100*h + 498437, 0 = -x + 2. Is h a prime number?
True
Let l(z) = 213*z + 36. Let v be l(35). Suppose 0 = -2*w - v + 21205. Is w prime?
True
Suppose 0 = -4*c + 5 + 7. Let k = -105 + 109. Suppose 2*n + c*r - 874 = r, 8 = -k*r. Is n a prime number?
True
Let r(o) = o**2 + o - 21. Let p be r(5). Let q(l) = 6 + 6*l + 8 + 16 + 19*l**2. Is q(p) a prime number?
False
Suppose 7141 = 4*i - 3*m, 2*i - 3577 = -10*m + 5*m. Suppose -k - 1792 = g + 4*g, k + 2*g + i = 0. Let j = -791 - k. Is j a prime number?
True
Let o(x) = 4 - 6 - 131*x - 21. Let y be o(-10). Let u = 1874 - y. Is u composite?
False
Let d = -6963 + 16996. Is d a composite number?
True
Let h = -1283 - 637. Let l be (42/35)/(2/h). Let i = 409 - l. Is i composite?
True
Let i = 14788 + -7018. Suppose 0 = 11*q - 18*q + i. Let p = q - 737. Is p a composite number?
False
Let o be -1*(-4)/10 - 63/(-105). Let x(g) = 82*g**2 - o + 10*g - 10*g + 19*g**2 + 2*g. Is x(3) a prime number?
False
Let l(o) = 18*o**3 + 8*o**2 - 7*o - 5. Let y be l(5). Suppose -5*v + y = -15*v. Is 0/(-2) + (-1 + 7 - v) a prime number?
False
Let w(c) = c + 343*c**2 - 340*c**2 + c + 9*c - 2*c - 7. Suppose -2*x - 7 = -x. Is w(x) a composite number?
True
Let f = 140 - 136. Suppose 5*w - 17141 = -6*c + 4*c, -5*c + 42803 = -f*w. Is c prime?
True
Suppose 313*o = 338*o - 26046025. Is o prime?
True
Suppose 39*h = -5*f + 34*h + 269550, -2*f + 107830 = 4*h. Is f prime?
False
Let u = -31 - -30. Let d be 285 - (-1)/((-12)/(-8) + u). Let i = d - 156. Is i prime?
True
Suppose -12*n - 45912 = -6*n. Is (n/8*-3)/((-3)/(-6)) a prime number?
False
Is 12492175/250 - 9/(-30) composite?
True
Let k(o) = o + 1. Let q be k(3). Let a be 7 - (-843 - -9)/3. Suppose 3*h - 1940 = -5*s, q*h - a - 86 = -s. Is s composite?
True
Suppose 4*z + 5*s - 105105 = 0, 11*z - 14*z = 2*s - 78820. Let w = z + -9529. Is w composite?
False
Let b(f) = 2*f**2 - f**2 + 0*f**2 - 14 + 0. Let g be b(-4). Suppose -3*k + 20 = k, 0 = 3*o - g*k - 2207. Is o a composite number?
False
Let l be 3 + -3 - ((-9 - -3) + 3). Suppose -5*o - 4247 = -3*i, l*o + 941 = 3*i - 3298. Is i prime?
True
Suppose 8*k - 9*k = -43. Suppose 0 = x - 5*h - 1525 + k, -5 = -h. Is x composite?
True
Suppose 12430047 - 14498278 + 30344330 = 163*s. Is s a composite number?
False
Suppose 0*k + 4*k - 279 = -3*a, -3*k + 2*a = -205. Is k*395/15 + -6 prime?
True
Suppose -4*r = p - 25, -p + 5 = -3*r + 3*p. Suppose 16 = 5*c - r*o + 1, 5*o = -5*c - 15. Suppose c = -q + 132 + 191. Is q composite?
True
Suppose 19*f - 345 = 4*f. Suppose f*t = 297649 + 163892. Is t composite?
True
Let d(u) = -u**3 - 2*u**2 - 12*u + 38. Suppose -5*q - 44 = -q. Is d(q) composite?
False
Let a(d) = 925*d + 22. Let b be a(-10). Let m be (b/(-30))/((-3)/(-60)). Suppose -14*j + 6*j = -m. Is j a prime number?
True
Let d(c) = 7*c**2 - 17*c + 13. Let o(i) be the second derivative of i**4/12 + 7*i**3/6 + 11*i**2/2 + 14*i. Let t be o(-7). Is d(t) a prime number?
True
Is (22/(-198))/((-20)/143463780) a prime number?
True
Suppose 5*g + 0*m = -3*m - 78, 3*g + 5*m = -50. Let b = -13 - g. Suppose o + 121 = b*o. Is o a prime number?
False
Let v(j) = 10*j**3 + 3*j**2 + 8*j - 14. Let u(h) be the second derivative of h**5/10 + 3*h**4/4 + h**3 + 6*h**2 + 19*h. Let m be u(-4). Is v(m) composite?
True
Suppose 0*w - 3*s - 24 = -2*w, -3*w + 33 = -3*s. Suppose 15988 = w*p - 5*p. Suppose 3*a + 1169 = m, 4*a - p - 1772 = -5*m. Is m a composite number?
True
Let x = 62818 + 282193. Is x prime?
True
Let o(x) = 221*x**2 + 89*x + 113. Is o(23) a prime number?
True
Let q be (-63056)/(-96) + (-15)/18. Let m = -36 + 167. Let y = m + q. Is y a prime number?
True
Suppose -3*d - 4*i = -66, -4*d = -2*d + 3*i - 44. Let g(z) = 43*z**2 - z + 1. Let y be g(1). Suppose -v = b + 2*v - d, 4*v + y = b. Is b composite?
False
Let n(t) = -43*t**3 + 8*t**2 + 7*t + 387. Is n(-22) a prime number?
False
Let g be 24 - 16827 - 21/(-3). Let q = -8097 - g. Is q composite?
False
Let g(i) = 613*i**2 + 12*i - 1064. Is g(-25) composite?
False
Suppose 8*l - 98 = l. Let o(f) = 2*f**3 + 21*f**2 - 18*f + 5. Is o(l) a prime number?
False
Suppose -y = 2*q - 1102, 13*q = -3*y + 8*q + 3308. Suppose 2309 + 1043 = 3*x - 5*f, -y = -x - 4*f. Is x a composite number?
True
Suppose 0 = -t - 113 + 116, 5*t = -2*m + 732797. Is m composite?
True
Suppose 4*i + 2 - 26 = 0. Suppose i = 3*t, -u + 0*t - 3*t + 5299 = 0. Is u composite?
True
Let d(i) = i**3 - i**2 - i - 12. Let b be (9/(-4))/(-7 - 189/(-28)). Let m be d(b). Suppose -6207 - m = -6*f. Is f composite?
True
Let y(t) = 128*t**3 - 6*t**2 - t - 1. Let k be y(-4). Let f = 13246 - k. Is f prime?
False
Let m = -108559 + 224940. Is m a prime number?
True
Let n be (0 + -4 + 5)/(13/1781). Let r(q) = q**3 + 7*q**2 + 9*q. Let s be r(-6). Let d = n + s. Is d composite?
True
Let r(p) = 16561*p**2 + 109*p - 323. Is r(3) a composite number?
False
Suppose 2*f - 19407 = -119. Suppose 0 = 72*q - 76*q + f. Is q prime?
True
Let s = 40 - 37. Suppose s*q - 19 = -4. Suppose -6*h + h = -q*u - 135, -30 = -h + 4*u. Is h composite?
True
Let m(t) = 2767*t - 100. Let d be m(-12). Let r = 55169 + d. Is r a composite number?
True
Is (181495080/(-42))/(-18) + 1/(-7)*-1 composite?
False
Suppose -5*j = 2*d - j + 16, -3*d = -3*j + 42. Is 10/8 + (4 - 67341/d) composite?
True
Suppose 0 = 5*k + 15, 6*k = -2*t + 7*k + 37671. Suppose 15739 + t = 7*y. Is y prime?
False
Let o = -45 - -45. Suppose -3*q + 37 - 52 = o. Is q/10 + (-3777)/(-6) a prime number?
False
Let g be (-5)/((-5)/(-4)) + 216702 + -2. Suppose 88*i + g = 112*i. Is i prime?
True
Let i(o) = -3*o**3 + 234*o**2 - 55*o + 109. Is i(72) a prime number?
False
Let v(w) = -77*w**2 + 5*w + 89. Let f be v(-16). Let b = -10924 - f. Is b composite?
False
Let u(q) = 3460*q**2 + 143*q + 844. Is u(-6) composite?
True
Let s(l) = 31*l + 98. Let x be s(-3). Suppose -3*d + x*d + 5*f = 11129, -5572 = -d - 5*f. Is d a composite number?
False
Let m = 518 - 295. Let i(v) = v + 21. Let x be i(-16). Suppose -9228 + m = -x*l. Is l prime?
True
Suppose 5*g - 3*h + 72 = 0, -4*h - 4 = -5*h. Let b be 2/8 + (15/g - -3). Is (-44)/2*(-37)/b a prime number?
False
Is 100970 + 21*14/98 prime?
False
Let d be ((-7)/7)/(-5 - -3 - (-13708)/6852). Let p(i) = -2902*i**2 + i - 1. Let z be p(1). Let s = d - z. Is s prime?
False
Suppose -9*d - 490236 